{"id":2464,"date":"2024-04-27T09:36:12","date_gmt":"2024-04-27T09:36:12","guid":{"rendered":"https:\/\/qsafety.quironprevencion.com\/?post_type=proyectos&#038;p=2464"},"modified":"2024-09-26T09:23:56","modified_gmt":"2024-09-26T09:23:56","slug":"la-tabaca-solar-photovoltaic-plant","status":"publish","type":"proyectos","link":"https:\/\/qsafety.quironprevencion.com\/en\/proyectos\/planta-solar-fotovoltaica-la-tabaca\/","title":{"rendered":"La Tabaca Solar Photovoltaic Plant"},"content":{"rendered":"<div data-elementor-type=\"wp-post\" data-elementor-id=\"2464\" class=\"elementor elementor-2464\" data-elementor-post-type=\"proyectos\">\n\t\t\t\t<div class=\"elementor-element elementor-element-b2ec990 e-flex e-con-boxed e-con e-parent\" data-id=\"b2ec990\" data-element_type=\"container\" data-e-type=\"container\" data-settings=\"{&quot;jet_parallax_layout_list&quot;:[]}\">\n\t\t\t\t\t<div class=\"e-con-inner\">\n\t\t\t\t<div class=\"elementor-element elementor-element-cb34c42 elementor-widget elementor-widget-heading\" data-id=\"cb34c42\" data-element_type=\"widget\" data-e-type=\"widget\" data-widget_type=\"heading.default\">\n\t\t\t\t<div class=\"elementor-widget-container\">\n\t\t\t\t\t<h2 class=\"elementor-heading-title elementor-size-default\">Characteristics of the Photovoltaic Solar Plant La Tabaca<\/h2>\t\t\t\t<\/div>\n\t\t\t\t<\/div>\n\t\t\t\t<div class=\"elementor-element elementor-element-ba043c9 elementor-widget elementor-widget-text-editor\" data-id=\"ba043c9\" data-element_type=\"widget\" data-e-type=\"widget\" data-widget_type=\"text-editor.default\">\n\t\t\t\t<div class=\"elementor-widget-container\">\n\t\t\t\t\t\t\t\t\t<p>Work on the installation of a 15 MW photovoltaic solar plant in the municipalities of Portillo and Aldeamayor.<\/p>\t\t\t\t\t\t\t\t<\/div>\n\t\t\t\t<\/div>\n\t\t\t\t\t<\/div>\n\t\t\t\t<\/div>\n\t\t<div class=\"elementor-element elementor-element-23c9a43 e-flex e-con-boxed e-con e-parent\" data-id=\"23c9a43\" data-element_type=\"container\" data-e-type=\"container\" data-settings=\"{&quot;jet_parallax_layout_list&quot;:[]}\">\n\t\t\t\t\t<div class=\"e-con-inner\">\n\t\t\t\t<div class=\"elementor-element elementor-element-b79f82a elementor-widget elementor-widget-image\" data-id=\"b79f82a\" data-element_type=\"widget\" data-e-type=\"widget\" data-widget_type=\"image.default\">\n\t\t\t\t<div class=\"elementor-widget-container\">\n\t\t\t\t\t\t\t\t\t\t\t\t\t\t\t<img fetchpriority=\"high\" decoding=\"async\" width=\"644\" height=\"322\" src=\"\/wp-content\/uploads\/2024\/08\/Planta-solar-La-Tabaca-Rios-Renovables.webp\" class=\"attachment-large size-large wp-image-2466\" alt=\"solar-photovoltaic-solar-plant-la-tabaca-rios-renovables\" srcset=\"\/wp-content\/uploads\/2024\/08\/Planta-solar-La-Tabaca-Rios-Renovables.webp 644w, \/wp-content\/uploads\/2024\/08\/Planta-solar-La-Tabaca-Rios-Renovables-300x150.webp 300w, \/wp-content\/uploads\/2024\/08\/Planta-solar-La-Tabaca-Rios-Renovables-18x9.webp 18w\" sizes=\"(max-width: 644px) 100vw, 644px\" title=\"\">\t\t\t\t\t\t\t\t\t\t\t\t\t\t\t<\/div>\n\t\t\t\t<\/div>\n\t\t\t\t\t<\/div>\n\t\t\t\t<\/div>\n\t\t<div class=\"elementor-element elementor-element-a18bfea e-flex e-con-boxed e-con e-parent\" data-id=\"a18bfea\" data-element_type=\"container\" data-e-type=\"container\" data-settings=\"{&quot;jet_parallax_layout_list&quot;:[]}\">\n\t\t\t\t\t<div class=\"e-con-inner\">\n\t\t\t\t<div class=\"elementor-element elementor-element-552ceaa elementor-widget elementor-widget-text-editor\" data-id=\"552ceaa\" data-element_type=\"widget\" data-e-type=\"widget\" data-widget_type=\"text-editor.default\">\n\t\t\t\t<div class=\"elementor-widget-container\">\n\t\t\t\t\t\t\t\t\t<p>This project involves the installation of a photovoltaic solar plant in seven discontinuous sub-areas. It has a size that can be considered medium in terms of the surface area occupied by this type of installation, and there is accumulation with three other projects for the generation of electricity from solar energy in Aldeamayor de San Mart\u00edn, all of which have an environmental impact report.<\/p>\t\t\t\t\t\t\t\t<\/div>\n\t\t\t\t<\/div>\n\t\t\t\t\t<\/div>\n\t\t\t\t<\/div>\n\t\t\t\t<\/div>","protected":false},"excerpt":{"rendered":"<p>Caracter\u00edsticas de la Planta Solar Fotovoltaica La Tabaca Obras de instalaci\u00f3n de una planta solar fotovoltaica de 15 MW en los t\u00e9rminos municipales de Portillo y Aldeamayor. Este proyecto contempla la instalaci\u00f3n de una planta solar fotovoltaica en siete subzonas discontinuas. Tiene un tama\u00f1o que puede considerarse medio en lo referente a la superficie ocupada [&hellip;]<\/p>\n","protected":false},"featured_media":2466,"menu_order":0,"template":"","sector":[34],"localidad":[44],"class_list":["post-2464","proyectos","type-proyectos","status-publish","has-post-thumbnail","hentry","sector-energia","localidad-valladolid"],"_links":{"self":[{"href":"https:\/\/qsafety.quironprevencion.com\/en\/wp-json\/wp\/v2\/proyectos\/2464","targetHints":{"allow":["GET"]}}],"collection":[{"href":"https:\/\/qsafety.quironprevencion.com\/en\/wp-json\/wp\/v2\/proyectos"}],"about":[{"href":"https:\/\/qsafety.quironprevencion.com\/en\/wp-json\/wp\/v2\/types\/proyectos"}],"version-history":[{"count":15,"href":"https:\/\/qsafety.quironprevencion.com\/en\/wp-json\/wp\/v2\/proyectos\/2464\/revisions"}],"predecessor-version":[{"id":2496,"href":"https:\/\/qsafety.quironprevencion.com\/en\/wp-json\/wp\/v2\/proyectos\/2464\/revisions\/2496"}],"wp:featuredmedia":[{"embeddable":true,"href":"https:\/\/qsafety.quironprevencion.com\/en\/wp-json\/wp\/v2\/media\/2466"}],"wp:attachment":[{"href":"https:\/\/qsafety.quironprevencion.com\/en\/wp-json\/wp\/v2\/media?parent=2464"}],"wp:term":[{"taxonomy":"sector","embeddable":true,"href":"https:\/\/qsafety.quironprevencion.com\/en\/wp-json\/wp\/v2\/sector?post=2464"},{"taxonomy":"localidad","embeddable":true,"href":"https:\/\/qsafety.quironprevencion.com\/en\/wp-json\/wp\/v2\/localidad?post=2464"}],"curies":[{"name":"wp","href":"https:\/\/api.w.org\/{rel}","templated":true}]}}

<div data-elementor-type="wp-post" data-elementor-id="2464" class="elementor elementor-2464" data-elementor-post-type="proyectos">
				<div class="elementor-element elementor-element-b2ec990 e-flex e-con-boxed e-con e-parent" data-id="b2ec990" data-element_type="container" data-e-type="container" data-settings="{&quot;jet_parallax_layout_list&quot;:[]}">
					<div class="e-con-inner">
				<div class="elementor-element elementor-element-cb34c42 elementor-widget elementor-widget-heading" data-id="cb34c42" data-element_type="widget" data-e-type="widget" data-widget_type="heading.default">
				<div class="elementor-widget-container">
					<h2 class="elementor-heading-title elementor-size-default">Characteristics of the Photovoltaic Solar Plant La Tabaca</h2>				</div>
				</div>
				<div class="elementor-element elementor-element-ba043c9 elementor-widget elementor-widget-text-editor" data-id="ba043c9" data-element_type="widget" data-e-type="widget" data-widget_type="text-editor.default">
				<div class="elementor-widget-container">
									<p>Work on the installation of a 15 MW photovoltaic solar plant in the municipalities of Portillo and Aldeamayor.</p>								</div>
				</div>
					</div>
				</div>
		<div class="elementor-element elementor-element-23c9a43 e-flex e-con-boxed e-con e-parent" data-id="23c9a43" data-element_type="container" data-e-type="container" data-settings="{&quot;jet_parallax_layout_list&quot;:[]}">
					<div class="e-con-inner">
				<div class="elementor-element elementor-element-b79f82a elementor-widget elementor-widget-image" data-id="b79f82a" data-element_type="widget" data-e-type="widget" data-widget_type="image.default">
				<div class="elementor-widget-container">
															<img fetchpriority="high" decoding="async" width="644" height="322" src="/wp-content/uploads/2024/08/Planta-solar-La-Tabaca-Rios-Renovables.webp" class="attachment-large size-large wp-image-2466" alt="solar-photovoltaic-solar-plant-la-tabaca-rios-renovables" srcset="/wp-content/uploads/2024/08/Planta-solar-La-Tabaca-Rios-Renovables.webp 644w, /wp-content/uploads/2024/08/Planta-solar-La-Tabaca-Rios-Renovables-300x150.webp 300w, /wp-content/uploads/2024/08/Planta-solar-La-Tabaca-Rios-Renovables-18x9.webp 18w" sizes="(max-width: 644px) 100vw, 644px" title="">															</div>
				</div>
					</div>
				</div>
		<div class="elementor-element elementor-element-a18bfea e-flex e-con-boxed e-con e-parent" data-id="a18bfea" data-element_type="container" data-e-type="container" data-settings="{&quot;jet_parallax_layout_list&quot;:[]}">
					<div class="e-con-inner">
				<div class="elementor-element elementor-element-552ceaa elementor-widget elementor-widget-text-editor" data-id="552ceaa" data-element_type="widget" data-e-type="widget" data-widget_type="text-editor.default">
				<div class="elementor-widget-container">
									<p>This project involves the installation of a photovoltaic solar plant in seven discontinuous sub-areas. It has a size that can be considered medium in terms of the surface area occupied by this type of installation, and there is accumulation with three other projects for the generation of electricity from solar energy in Aldeamayor de San Martín, all of which have an environmental impact report.</p>								</div>
				</div>
					</div>
				</div>
				</div>

<p>Características de la Planta Solar Fotovoltaica La Tabaca Obras de instalación de una planta solar fotovoltaica de 15 MW en los términos municipales de Portillo y Aldeamayor. Este proyecto contempla la instalación de una planta solar fotovoltaica en siete subzonas discontinuas. Tiene un tamaño que puede considerarse medio en lo referente a la superficie ocupada [&hellip;]</p>
